
Is 57458 a multiple of 12?
False
Is 28639 a multiple of 13?
True
Does 576 divide 9626688?
True
Is 9001412 a multiple of 40?
False
Does 6 divide 377045?
False
Does 109 divide 2726848?
False
Does 37 divide 21423?
True
Does 9 divide 5129253?
True
Is 275 a factor of 2282441?
False
Is 213480 a multiple of 360?
True
Does 278 divide 52542?
True
Is 15228855 a multiple of 867?
True
Is 1298663 a multiple of 268?
False
Is 198 a factor of 86526?
True
Does 25 divide 84178?
False
Is 6 a factor of 242556?
True
Is 222 a factor of 232212?
True
Is 664 a factor of 10142720?
False
Does 69 divide 1984896?
False
Does 512 divide 1404928?
True
Is 43 a factor of 6880?
True
Does 3 divide 69697?
False
Does 9 divide 109313?
False
Does 89 divide 83482?
True
Does 5 divide 268290?
True
Is 138 a factor of 5140452?
False
Does 17 divide 617406?
True
Is 585126 a multiple of 9?
True
Is 229680 a multiple of 330?
True
Is 4305422 a multiple of 22?
True
Is 40 a factor of 39200?
True
Does 98 divide 4244079?
False
Does 3 divide 6996?
True
Does 11 divide 8371?
True
Is 6 a factor of 1268211?
False
Is 128 a factor of 143555?
False
Does 26 divide 8539131?
False
Does 16 divide 46216?
False
Is 183 a factor of 73017?
True
Does 15 divide 1086735?
True
Is 3683175 a multiple of 15?
True
Does 148 divide 37000?
True
Is 31 a factor of 30354?
False
Is 2966352 a multiple of 29?
True
Is 89 a factor of 348079?
True
Is 2 a factor of 372687?
False
Is 69 a factor of 205580?
False
Is 15 a factor of 328680?
True
Is 47600 a multiple of 2?
True
Is 714 a factor of 2385863?
False
Is 15 a factor of 161843?
False
Does 21 divide 2282561?
False
Does 2103 divide 23433729?
True
Does 188 divide 8299824?
True
Is 21 a factor of 224081?
False
Is 2966 even?
True
Does 18 divide 14004?
True
Is 14 a factor of 19699796?
False
Does 48 divide 4149151?
False
Does 31 divide 255378?
True
Is 347799 a multiple of 3?
True
Is 13 a factor of 525171?
False
Is 236360 a multiple of 18?
False
Is 1490080 a multiple of 268?
True
Is 91 a factor of 12114102?
True
Is 11 a factor of 742708?
False
Is 123 a factor of 691934?
False
Is 889 a factor of 9018905?
True
Is 7743588 a multiple of 246?
True
Is 1066 a factor of 3335514?
True
Is 8096920 a multiple of 13?
True
Is 89 a factor of 203511?
False
Is 235 a factor of 276595?
True
Is 5399589 a multiple of 10?
False
Is 8 a factor of 1872?
True
Is 337210 a multiple of 184?
False
Is 493196 a multiple of 16?
False
Is 54813 even?
False
Does 72 divide 111135?
False
Does 625 divide 181875?
True
Is 3 a factor of 2031996?
True
Does 412 divide 1401729?
False
Is 38 a factor of 439806?
False
Is 154 a factor of 210672?
True
Is 1137942 a multiple of 9?
True
Is 72 a factor of 313488?
True
Does 13 divide 2915237?
True
Is 300 a factor of 3817033?
False
Is 1354521 a multiple of 49?
False
Does 13 divide 2763079?
False
Is 6758963 a multiple of 311?
True
Does 15 divide 579717?
False
Does 16 divide 840385?
False
Is 45 a factor of 1072530?
True
Does 22 divide 209012?
False
Is 49536 a multiple of 6?
True
Does 129 divide 6503019?
True
Is 488872 a multiple of 8?
True
Does 50 divide 4653850?
True
Does 66 divide 3690082?
False
Is 3763011 a multiple of 92?
False
Does 26 divide 58020?
False
Is 18 a factor of 735476?
False
Is 3244485 a multiple of 1095?
True
Is 239668 a multiple of 13?
True
Is 180 a factor of 17280?
True
Is 63 a factor of 315000?
True
Does 10 divide 242436?
False
Is 580 a factor of 1182946?
False
Is 1966815 a multiple of 135?
True
Is 14 a factor of 229875?
False
Is 299 a factor of 870751?
False
Is 37 a factor of 464202?
True
Is 96741 a multiple of 8?
False
Is 8658902 a multiple of 666?
False
Does 939 divide 619872?
False
Is 1286160 a multiple of 15?
True
Is 212 a factor of 723966?
False
Does 36 divide 1196287?
False
Does 283 divide 182535?
True
Is 15 a factor of 186411?
False
Is 1725059 a multiple of 63?
False
Is 79 a factor of 100330?
True
Does 176 divide 360096?
True
Is 44 a factor of 90552?
True
Does 14 divide 685672?
False
Does 4 divide 5088?
True
Is 526995 a multiple of 147?
True
Is 574288 a multiple of 26?
True
Is 22 a factor of 11496056?
True
Is 89210 a multiple of 6?
False
Does 77 divide 926093?
False
Is 207389 a multiple of 185?
False
Does 355 divide 241045?
True
Does 54 divide 5886?
True
Does 7 divide 652827?
True
Does 11 divide 62981?
False
Does 8 divide 178153?
False
Does 74 divide 100518?
False
Is 17 a factor of 4256?
False
Is 4279032 a multiple of 24?
True
Is 1093 a factor of 12507199?
True
Does 24 divide 262101?
False
Is 85 a factor of 337280?
True
Does 14 divide 378184?
False
Is 54 a factor of 117476?
False
Is 4 a factor of 66400?
True
Is 335 a factor of 94135?
True
Is 351363 a multiple of 11?
False
Is 6 a factor of 518655?
False
Does 557 divide 919607?
True
Is 23 a factor of 190734?
False
Does 83 divide 690682?
False
Is 58 a factor of 12816?
False
Is 3 a factor of 1692?
True
Is 70 a factor of 678580?
True
Is 6458538 a multiple of 782?
True
Is 1104189 a multiple of 411?
False
Is 1281084 a multiple of 28?
True
Does 21 divide 410781?
True
Does 6 divide 131910?
True
Does 3 divide 5624134?
False
Does 3 divide 65571?
True
Is 7 a factor of 78372?
True
Does 6 divide 8124?
True
Is 192 a factor of 4724160?
True
Is 29 a factor of 1072362?
True
Is 168392 a multiple of 388?
True
Is 3522823 a multiple of 546?
False
Is 6 a factor of 52559?
False
Is 70 a factor of 29850730?
True
Is 24975 a multiple of 185?
True
Does 53 divide 1149134?
False
Is 15435728 a multiple of 187?
True
Is 7967448 a multiple of 164?
True
Is 1098706 a multiple of 49?
False
Is 8 a factor of 839885?
False
Is 401234 a multiple of 34?
True
Is 40 a factor of 520850?
False
Does 5 divide 777882?
False
Is 84658 a multiple of 7?
True
Is 660074 a multiple of 363?
False
Is 77 a factor of 249309?
False
Does 122 divide 770552?
True
Does 61 divide 313008?
False
Is 1736098 a multiple of 26?
True
Does 453 divide 6982995?
True
Is 3337449 a multiple of 12?
False
Does 48 divide 1392?
True
Does 16 divide 207744?
True
Does 25 divide 1540650?
True
Does 419 divide 10939252?
True
Is 24 a factor of 377308?
False
Is 52 a factor of 95090?
False
Does 508 divide 13234416?
True
Is 97499 a multiple of 5?
False
Is 494 a factor of 1269580?
True
Is 2160258 a multiple of 34?
True
Is 51 a factor of 15205424?
False
Is 1952 a factor of 6318624?
True
Is 54 a factor of 2035063?
False
Is 2165753 a multiple of 19?
True
Is 2125310 a multiple of 55?
True
Is 19452928 a multiple of 1727?
True
Is 125 a factor of 2240750?
True
Does 9 divide 3238?
False
Is 768 a factor of 5748650?
False
Is 36252 a multiple of 159?
True
Is 1142 a factor of 8280044?
False
Is 149 a factor of 8518777?
True
Does 557 divide 2319905?
True
Is 9 a factor of 427749?
False
Is 92442 a multiple of 73?
False
Does 94 divide 437758?
True
Is 442 a factor of 4461?
False
Is 351214 a multiple of 129?
False
Does 11 divide 342892?
True
Does 16 divide 11690265?
False
Is 7037 a multiple of 227?
True
Does 9 divide 2580750?
True
Is 655 a factor of 483390?
True
Is 2296710 a multiple of 1014?
True
Is 12 a factor of 3087948?
True
Is 33 a factor of 7434537?
True
Is 857549 a multiple of 37?
True
Is 4818 a multiple of 13?
False
Does 57 divide 2440455?
True
Is 3625869 a multiple of 24?
False
Is 451 a factor of 4886134?
True
Is 61361 a multiple of 108?
False
Is 21 a factor of 5915112?
True
Is 1262530 a multiple of 44?
False
Is 2182178 a multiple of 298?
False
Does 44 divide 55440?
True
Is 98 a factor of 69188?
True
Does 8 divide 57928?
True
Is 1582 a factor of 21800431?
False
Is 6031740 a multiple of 1254?
True
Is 4 a factor of 204005?
False
Does 594 divide 1125630?
True
Does 16 divide 60192?
True
Does 38 divide 49903?
False
Is 69 a factor of 2168031?
False
Is 1654094 a multiple of 7?
False
Does 69 divide 257850?
False
Is 326 a factor of 190136?
False
Is 13 a factor of 6565?
True
Is 17182 a multiple of 11?
True
Is 129 a factor of 88467?
False
Does 676 divide 72139?
False
Does 17 divide 176256?
True
Does 6 divide 281956?
False
Does 90 divide 47319?
False
Does 42 divide 60439?
False
Does 399 divide 1895649?
True
Is 3652110 a multiple of 110?
True
Does 44 divide 1932436?
True
Does 17 divide 394553?
True
Is 2704127 a multiple of 64?
False
Is 1590744 a multiple of 4?
True
Is 629 a factor of 55767?
False
Does 67 divide 33165?
True
Is 686 a